4*n, -4*n - 46 = -2*i. Let p = 260 + i. What are the prime factors of p?
17
Suppose -31356 = -40*z + 14*z. Suppose -s = -3*y - 1171, -13*y + 9*y = s - z. List the prime factors of s.
2, 593
Let u(j) = -6*j + 30. Let f be u(6). Let d be (-26)/((-4 - 0)*(-3)/f). Let k = d + 44. What are the prime factors of k?
3, 19
Suppose -2*l = o - 8273, 38739 = 5*o - 3*l - 2600. List the prime factors of o.
8269
Suppose 11 = r + 6, 11016 = 2*c + 2*r. List the prime factors of c.
5503
Let w(h) = -h**2 - 12*h + 334. Let f(r) = r**3 - 10*r**2 + 21*r. Let o be f(3). List the prime factors of w(o).
2, 167
Let i(j) = j**3 - 23*j**2 + j - 19. Let r be i(23). Suppose 0 = -2*m + 6*c - c + 111, 2*c - 258 = -r*m. What are the prime factors of m?
3, 7
Let y be (-60)/40 - (-2)/4. Let c be (-2)/(-4)*0/y*-1. What are the prime factors of 518/14 + -4 + c?
3, 11
Let x(o) = -4*o**2 + 1. Let w be x(2). Let r be (-2)/(3/(-99)*w/(-10)). List the prime factors of ((-4)/2 + r)/(2/3).
3, 7
Let z(l) = -2*l**3 + 20*l**2 - 19*l + 21. Let p be z(9). What are the prime factors of 1550 - (5/10*p + -11)?
5, 311
Suppose 464*h + 109956 = 468*h - 4*g, h - 27507 = -5*g. List the prime factors of h.
2, 3, 29, 79
Suppose -8 - 32 = -8*c. Suppose 3*b - 3*w - 1095 = 0, b - c*b - w + 1480 = 0. List the prime factors of b.
3, 41
Suppose 3*q + f = -0 - 23, -5*q = f + 37. Let k(g) = -g**3 - 9*g**2 - 10*g - 3. Let z be k(q). Let i = z - -119. What are the prime factors of i?
2, 11
Let f(p) = -2*p**3 - 21*p**2 + 2*p + 11. Let g be 3/2 - (-75)/(-6). List the prime factors of f(g).
2, 5, 11
Let u(v) = -4442*v**3 - 144*v**2 - 281*v - 6. What are the prime factors of u(-2)?
2, 13, 683
Let m(t) = -t**3 - 5*t**2 - 2*t - 30. Let x be m(-6). Suppose -5*y = x*y - 29509. What are the prime factors of y?
1283
Let c(t) = 44*t - 36. Suppose -60*f = -65*f + 35. List the prime factors of c(f).
2, 17
Suppose -14*v = -19*v - 125. What are the prime factors of 5/v + (4533/(-5))/(-3)?
2, 151
Let l(k) = 2*k**2 - 11*k - 27. Let z be l(8). Let n = 15 - z. What are the prime factors of ((-190)/20)/((-1)/n)?
19
Let u(d) = 13*d**3 + 12*d**2 - 8*d - 1. Let r(z) = -7*z**3 - 6*z**2 + 4*z + 1. Let k(j) = -9*r(j) - 4*u(j). What are the prime factors of k(4)?
19, 41
Suppose 11*d - 18*d + 147 = 0. Suppose -15 + d = 3*f. Suppose -164 = -f*h + 86. List the prime factors of h.
5
Let l(q) = 51555*q**2 + 24*q - 7. List the prime factors of l(1).
2, 12893
Let b = 79 - -54. Suppose -i + 282 = -b. List the prime factors of i.
5, 83
Let d = -2138 + 3312. List the prime factors of d.
2, 587
Suppose -5*f = 3*a - 2489, 0*f + 3*f = -5*a + 4127. Suppose -2*y - 3*y = -2*c - a, 4*y = -3*c + 663. List the prime factors of y.
3, 5, 11
Suppose 17039 = 516*s + 1559. Let m(a) be the third derivative of a**6/120 - a**5/2 + a**4/3 - 6*a**3 - a**2. List the prime factors of m(s).
2, 3, 17
Suppose 4*w + 0*w = x - 216, -2*w = 4. Let z be -15*(0 + 598/(-195)). Suppose z - x = -6*f. List the prime factors of f.
3
Let j(d) = 89*d - 4. Let p(v) = -226*v + 10. Let l(i) = -i. Let x(o) = -4*l(o) + p(o). Let a(u) = -12*j(u) - 5*x(u). What are the prime factors of a(2)?
2, 41
Let r be 3 - (4 + 137 + -1). Let d = r - -144. What are the prime factors of d?
7
Suppose -2*t - 2*t - 52 = -u, 4*u = 3*t + 143. Suppose 0 = -9*d + u + 4. Suppose -4*c + d*j = -228, 0 = -c - j + 5*j + 69. What are the prime factors of c?
53
Suppose 0 = 18*k - 15*k - 27. Let j be 3/k - 42/(-9). Suppose -3*x = -j*x + 68. What are the prime factors of x?
2, 17
Let r(v) = v**3 - 7*v**2 + v + 4. Let q be r(3). Let t(x) = 2*x**2 + 18*x + 202. List the prime factors of t(q).
2, 3, 227
Let o(u) = 86*u**2 + 62*u - 574. What are the prime factors of o(16)?
2, 3, 3739
Let c be 4 + 56/(-35) + (-2)/5. Let x be 2*(c - -1)*2/3. Suppose x*v + 3*v - 175 = 0. List the prime factors of v.
5
Let o be (-2 + 1)*652/(3 + -4). Suppose -2*m - 4*w + 1344 = 2*m, 3*w + o = 2*m. What are the prime factors of m?
2, 83
Let b(n) = -6*n**3 - n**2 + 3*n - 11. Let o(y) = y**3 - 35*y**2 + 66*y - 4. Let m be o(33). List the prime factors of b(m).
3, 5, 23
Suppose 3*c = 16*n - 11*n + 74, -2*n - c = 23. Let i(b) = -80*b - 32. List the prime factors of i(n).
2, 3, 7
Let s be ((-16)/4 - -3)/((-3)/42). Suppose s*y - 9*y - 1395 = 0. What are the prime factors of y?
3, 31
Suppose -2*q - 3 = -7, 3*h - q - 7 = 0. Suppose 0*i - 1440 = -5*i. Suppose i = 2*k - 2*l, -3*l - l = -h*k + 434. List the prime factors of k.
2, 71
Let l be (10 + -20)*3/(6/(-5)). Let f be ((-4)/(-5))/(10/l). Suppose f = 3*z - 151. List the prime factors of z.
3, 17
Suppose 5*g + 2*g + 332994 = 13*g. List the prime factors of g.
19, 23, 127
Suppose 44*t - 10452 = 40*t. Suppose 2*w + t = 5*c, -c + 636 = 5*w + 108. List the prime factors of c.
523
Let h(g) = -5*g + 5*g - 5 + 15 - 1 + 5*g. Let r = -21 - -36. What are the prime factors of h(r)?
2, 3, 7
Let d(u) = u**2 + 5*u - 4. Let r(o) = 3*o**2 + 9*o - 7. Let f(x) = -5*d(x) + 2*r(x). Let v be f(6). Suppose -477 = -3*y - v*y. List the prime factors of y.
3, 53
Let k be -15*6/36*-2. Suppose 3*l - 194 = -3*c + 187, -3*l - k*c + 387 = 0. What are the prime factors of l?
2, 31
Let a(r) = r**2 - 5*r - 9. Let w be a(8). Suppose u - 20 = -w. Suppose u*k + q - 416 = 0, 0*k - 2*q - 260 = -3*k. List the prime factors of k.
2, 3, 7
Suppose 102*i = 99*i + 8919. What are the prime factors of i?
3, 991
Let w(x) = x - 3. Let z(k) = 2*k - 5. Let m(f) = 8*w(f) - 5*z(f). Let t be m(2). List the prime factors of 2 + t + 3 + 118/2.
61
Suppose -5*g - 3*n = -1198, -4*g = -26*n + 22*n - 952. What are the prime factors of g?
239
Let s(n) = -n**3 - 9*n**2 + 68*n - 270. What are the prime factors of s(-27)?
2, 3, 17
Suppose 15811 = 12*y - 1217. Let r = -560 + y. List the prime factors of r.
859
Let i be (1 - 5304/(-10)) + (-8)/20. Let y = i - 238. Let k = y + -164. What are the prime factors of k?
3, 43
Let l = 5062 - 1657. List the prime factors of l.
3, 5, 227
Let i(s) = -75*s - 38. Let h be i(-13). Let r = -529 + h. What are the prime factors of r?
2, 3, 17
Suppose -w = -3*g - 2*w + 8, -2*g = -3*w + 2. Suppose 5*m - 30 = 45. Suppose 0*q + 5*q = m, -g*v + q + 207 = 0. What are the prime factors of v?
3, 5, 7
Let y be -1*(8 + -5)*8/(-6). Suppose -8 = 2*t + 4*r, 0 = -2*t + y*t - 5*r - 10. Suppose 6*c + 100 - 496 = t. What are the prime factors of c?
2, 3, 11
Let y = -1623 - -2377. Suppose 0 = 4*f + 2*b - y, -5*f + 947 = -2*b + 3*b. Let s = f + -80. List the prime factors of s.
2, 5, 11
Let l(z) be the second derivative of -5*z**3/6 + 9*z**2/2 + 58*z. List the prime factors of l(-5).
2, 17
Let p = 727 - 743. Let j = 351 + -238. Let i = j + p. What are the prime factors of i?
97
Let t(a) = 129*a + 31. Let p be t(14). Suppose p = 3*f + 2*k, -5*f - 3*k + 2*k = -3071. List the prime factors of (-12)/(-3) - (f/(-5))/3.
3, 5
Suppose -c = 16*c - 85. Suppose 10*b + 1619 = c*t + 8*b, 4*t = b + 1297. What are the prime factors of t?
5, 13
Suppose 9193 + 3743 = 33*f. Suppose -3*g + 4*k = -534, -k = 4*g - f - 301. List the prime factors of g.
2, 3, 29
Let x = 2657 + 4961. List the prime factors of x.
2, 13, 293
Let t be 0 - (-4)/(-8)*-1*4. Let w(s) = -7*s - 4 - 23*s**2 + t*s**3 + 12 + 18*s**2 + 4. What are the prime factors of w(4)?
2
Let f = 4065 + -2836. Suppose m = 2*a + 6 + 295, -3*a - f = -4*m. List the prime factors of m.
311
Let v = 1556 + 2647. What are the prime factors of v?
3, 467
Suppose -23*t = 38*t - 7*t - 156384. What are the prime factors of t?
2, 181
Let k = 17 + -6. Let t = k - 8. Suppose 2*g - t*h - 132 = 0, -1 = -3*h - 7. What are the prime factors of g?
3, 7
Suppose -29*s + 225*s - 1248555 = -35*s. What are the prime factors of s?
5, 23, 47
Suppose 0 = -d + 4*h + 42197, -1355*h + 1357*h + 84412 = 2*d. What are the prime factors of d?
42209
Let q be (-1 + 15/9)/((-7)/(-420)). Suppose 8*y - 5*y + 3*i = 93, -q = -y + 2*i. List the prime factors of y.
2, 17
Let z(n) = 40633*n - 4967. List the prime factors of z(2).
3, 29, 877
Let x(g) = -g**3 + 4*g**2 + 20*g + 6. Let y be 1/3 - 2370/(-45). Suppose -5*c + y - 83 = 0. What are the prime factors of x(c)?
2, 3, 41
List the prime factors of (-5)/(14 + (-2203900)/157420).
5, 17, 463
Let y = -29308 + 62381. List the prime factors of y.
33073
Let g(l) = -l**3 + 4*l**2 - 3*l + 5. Let w be g(3). Suppos